72 - -32313) + 4/(1 + 0)?
1
Suppose 52*h = 44*h + 1120. Suppose 0 = 6*c - 0*c + 246. Let v = h - c. What is the units digit of v?
1
Let o(c) = 3235*c + 7. Let f be o(1). What is the tens digit of (-1 - f/(-5)) + (-70)/175?
4
Suppose 0*f - 577 = -3*f + 2*o, -2*o = 4*f - 746. Let i = f - -501. What is the hundreds digit of i?
6
Let l(a) = -1. Let f(v) = -4*v + 52. Let p(w) = -f(w) - 3*l(w). Let o be p(18). Suppose -7*r = -o - 89. What is the units digit of r?
6
Suppose -8014*m - 520744 = -8021*m. What is the ten thousands digit of m?
7
Suppose 0 = -4*n + 15 + 5. Suppose -2*h - 61 = -a + 1052, -5*h = -n*a + 5580. What is the hundreds digit of a?
1
Let p(c) = 76*c**3 + 2*c + 4. Let q = -107 - -109. What is the tens digit of p(q)?
1
Let s = 263 + -258. What is the hundreds digit of -3 - (40/s + -628)?
6
Let q be (-2)/(-11) + (-504)/(-132). Suppose 3*c = -4*a + 184, 0 = -4*a - q*c + 3*c + 176. What is the tens digit of a?
4
Let d be (-1 + 1)*-1*2/2. Let k = d + 5. Suppose -8*j + 67 = 2*i - k*j, -5*j + 100 = 3*i. What is the units digit of i?
5
Let u be 10/((-9)/(9009/(-14))). Let c = u + -157. What is the tens digit of c?
5
Let a = 189 + -206. Let h(p) = p**2 + 5*p - 59. What is the tens digit of h(a)?
4
Suppose 4*b = o + 11, -4*b = 4*o - o + 1. Let f be (-7)/(21/(-351)) - 4/b. Suppose 5*x - d = 289, d + 0*d + f = 2*x. What is the units digit of x?
8
Let j = -20 - -77. Suppose -37 = 4*m - j. Suppose 4*r + 338 = 3*s, -2*s = -m*r - 171 - 52. What is the units digit of s?
4
Let o(c) = c**3 - 7*c**2 + 8*c - 9. Let f be o(6). Suppose f*p = 11*p + 3*p. What is the tens digit of 0 - 2*(p + -47)?
9
Let u be -3 + (0 - 1) + (53 - 36). Suppose 0 = -i - 2*f + 347, -9*f = -u*f. What is the units digit of i?
7
Let t(d) = -d**3 - d**2 + 5*d - 7. Let m be t(2). Let s(b) = b**3 + 12*b**2 + 4*b - 20. What is the tens digit of s(m)?
8
Let p = 42 + -32. Let g(y) = y**3 - 9*y**2 - 12*y + 19. Let t be g(p). What is the tens digit of 3/(t - 2)*-58?
5
Let m be (16/(-6))/(2/(-6)). Let f(t) be the first derivative of t**3/3 - 3*t**2 + 15*t + 1333. What is the tens digit of f(m)?
3
Let s = -38 + 54. Suppose -21 = -4*c + 5*d, -3*c + 5*d + s = 4. Suppose -v - 2*q + 3*q + c = 0, -4*v = -2*q - 44. What is the tens digit of v?
1
Let f(g) = g + 8. Let o(h) = h**3 - 6*h**2 - 8*h + 2. Let w be o(7). Let u be -5*(w/75)/(3/(-27)). What is the units digit of f(u)?
5
What is the units digit of 3/2 - (-2995671)/406?
0
Let m be 1/(45/6) + (-406)/(-105). Suppose 5*k - 2*o - 2624 = 2052, 0 = -m*k + 2*o + 3742. What is the hundreds digit of k?
9
Let f(r) = -370*r**3 + 3*r**2 - 3*r. Let v be f(-3). Suppose -14*z = -5*z - v. What is the hundreds digit of z?
1
Suppose m = -5, -2*m + 6*m = 5*o - 610. Suppose o*g - 113*g = 1730. What is the units digit of g?
6
What is the ten thousands digit of ((-72)/(-45))/((-11)/(-123200))?
1
Let m be -1 - 32/10*25/(-10). Suppose 14*i - m*i - 14602 = 0. What is the units digit of i?
6
Let d = -4012 + 4350. Let g be (-1)/(-2) - 453/(-2). Let b = d - g. What is the hundreds digit of b?
1
Let f(c) = -90*c + 192. Let q be f(28). Let l = 3283 + q. What is the hundreds digit of l?
9
Suppose -21*g - 17*g = -41*g + 5226. What is the thousands digit of g?
1
Let z = -2 - -17. Let x = z + -13. Suppose x*l = 5*h - 76 - 45, 0 = l - 2. What is the tens digit of h?
2
What is the units digit of (-1677)/(-26)*(-38)/6*-6?
1
Suppose 2*c = -0*m - 3*m + 20, -65 = -4*m + 5*c. Suppose -122 + 1962 = -m*f. Let z = f + 311. What is the units digit of z?
7
What is the hundreds digit of (-13)/(3250/(-823270)) - (-4)/(-50)?
2
Suppose -2*r + 6061 = 2*o - 7939, -3*o - 4*r = -21000. What is the units digit of o?
0
Suppose 4*p + i - 12 = 0, 15*i = 5*p + 11*i - 15. Suppose -4*c = -12, -s + 5*c = p*s - 7077. What is the tens digit of s?
7
Let m(s) be the second derivative of 15*s + 1/6*s**4 + 13/2*s**2 + 2*s**3 + 0. What is the units digit of m(-8)?
5
Suppose -2*z + 28 = 5*x, -3*x + 7*x = -z + 20. Suppose -x*q - 12 = 0, -4*q - 1527 = -2*m + 795. What is the thousands digit of m?
1
Suppose 32*u - 24*u - 414792 = -34*u. What is the tens digit of u?
7
Let f(c) = -12*c - 41. Let y be f(-3). Let i(n) = -2*n**3 + 6*n**2 + 3*n - 3. What is the hundreds digit of i(y)?
3
Suppose 3*r - 4 = 8. Suppose 8 = r*s - 48. What is the units digit of (-1 - -6)*s/2?
5
Suppose 0*t = t - 5928 - 3595. What is the thousands digit of t?
9
Suppose 3*j = -4*t + 102, -26 = -2*t + t - j. Let m = 26 - t. What is the units digit of 87/5 - (7/5 - m)?
8
Let q(t) be the second derivative of 5*t**3/2 - 9*t**2/2 - 5*t. Let x(p) = 8*p - 5. Let h(v) = -5*q(v) + 9*x(v). What is the units digit of h(-10)?
0
Let x(i) = -332*i + 15. Let y(r) = -111*r + 5. Let l(o) = -6*x(o) + 17*y(o). What is the units digit of l(4)?
5
Let w(q) be the second derivative of -q**4/4 + q**3 + 17*q**2/2 - 12*q. Let y be w(-3). What is the tens digit of y/63 - 11675/(-45)?
5
Let n = -2 + 0. What is the tens digit of ((-17)/34)/(n*3/3684)?
0
Let j(o) = -5*o**3 - o**2 - 7*o - 39. Suppose 0 = 4*r, 10 = 2*f - 4*f + 2*r. What is the hundreds digit of j(f)?
5
Suppose 4*d = w - 6 + 15, -3*d + 59 = 4*w. Let r(j) = -20*j - 253. Let g be r(-13). Suppose g*h = -w + 95. What is the tens digit of h?
1
Let x(n) = -28*n**2 + 3*n + 40. Let y(w) = -14*w**2 + w + 20. Let u(g) = 2*x(g) - 5*y(g). What is the units digit of u(5)?
5
Suppose -207404 = -78*c + 38374. What is the tens digit of c?
5
Let k(z) = 1316*z - 6. Let l be k(1). What is the tens digit of (66/30 - 4)*l/(-3)?
8
Suppose -66*z + 27149 = -41*z - 48276. What is the thousands digit of z?
3
What is the thousands digit of -8*(-17)/136 - (-35536)/1?
5
Let l = 6710 + -5591. What is the tens digit of l?
1
Let f(s) be the third derivative of -5/6*s**3 + 0*s + 4*s**2 + 7/24*s**4 + 0. What is the units digit of f(6)?
7
Let p be (140/45)/(2/9). Suppose 13*v - 167 = -2*w + p*v, 2*w = 3*v + 165. What is the units digit of w?
4
Suppose 4965347 = 208*g + 949283. What is the hundreds digit of g?
3
Let b be -1 - (4 - 6) - (-1 + -439). Suppose -b = 9*i - 18*i. Suppose 3*v - 4*t - i = 351, 4*v - 552 = -4*t. What is the units digit of v?
6
Let y = 4014 + -3491. What is the hundreds digit of y?
5
Suppose -15 = 5*z - 25. Suppose r - 13 = -z*o, 5*r = -8*o + 3*o + 45. What is the units digit of o?
4
Let z = -26 + 604. Suppose -2*s + 1500 = -q, 5*s - z - 3161 = -3*q. What is the units digit of s?
9
Suppose 2*v - 51 = 3*q, 2*v + 10 = -5*q + 53. Let k(s) = s**2 - 15*s - 45. Let y be k(v). Let p = y - 117. What is the tens digit of p?
5
Let g(w) = -w**2 + 24*w + 28. Suppose -200 = -7*k - k. Let i be g(k). What is the hundreds digit of 247 - -1*(5 - i)?
2
Suppose -2*a + 588 = -9*a. Let r = 66 + a. What is the tens digit of (-2 - -4)*(-111)/r*3?
3
Suppose 43207 = 5*h - 24968. Suppose -123*w - h = -138*w. What is the tens digit of w?
0
Suppose -2*y + g + 3307 = 0, 0 = -54*y + 59*y + 2*g - 8272. Suppose -257 = -21*x + y. What is the tens digit of x?
9
Let a(u) = 8*u**2 - 5*u + 4. Suppose -72 = 4*r + 2*r. Let c be (11/33)/((-2)/r). What is the units digit of a(c)?
6
Let x be 6/3*(-2 + 1) + -1. Let i(b) = -b**3 - b**2 + 4*b + 6. Let o be i(x). What is the units digit of (6/(-4))/(o/(-104))*1?
3
Suppose 3*r = 6*h - 100137, 5*h + 0*h - 83446 = 4*r. Suppose 21*m - h + 2830 = 0. What is the hundreds digit of m?
6
Let s(b) = -b**3 + 9*b**2 - 61. Let h be s(8). Suppose -3*j + t - 274 = -4*j, 0 = 2*j + h*t - 546. What is the hundreds digit of j?
2
Suppose 0 = -5*n - 2*l - 3, -2*l = 2*n + 2*l - 2. Let q(w) = -1 - 3 + 2*w - 125*w + 0 + 17*w. What is the hundreds digit of q(n)?
1
Suppose -98*v - 32 = -102*v. Suppose 38*s - 12450 = v*s. What is the tens digit of s?
1
Let y(i) = -i**3 + 15*i**2 - 12*i - 28. Let t be y(14). Let u be t + 2 - 154/(-2). Let j = u + -51. What is the units digit of j?
8
Suppose 252107 = 25*b - 1052418. What is the units digit of b?
1
Let c(k) = -17*k. Let n = -40 - -46. Suppose n*b + 3 = 3*b. What is the tens digit of c(b)?
1
Let d(l) = -l**3 - 9*l**2 + 4*l + 12. Suppose 23 + 27 = -5*f. Let y be d(f). What is the tens digit of ((-7)/21)/((-2)/y)?
1
Let i = 1251 - 1063. Let f be (-557 - 5)*1/(-2). Let q = f - i. What is the tens digit of q?
9
Suppose -5*l - 115 - 96 = -326. Let i be 1/(2*(-2)/(-36)). Suppose -l = 8*y - i*y. What 